 Let p be o/((-608)/202 - -3). Let l = p + -538. Is l a composite number?
True
Let h be -2 - -3 - (41 - 1). Let u = -2 - h. Is u a composite number?
False
Let r = 1112 - 638. Suppose -1771 = -4*u + 4*w + 101, 0 = -u - 5*w + r. Is u prime?
False
Let x be 76*1*(-5 - -4). Let n = x - -274. Suppose 3*v - o - 2*o - n = 0, 0 = 3*v + o - 202. Is v composite?
False
Let u(d) = -2*d - 13. Let g be u(-9). Suppose 5*p = -g*a + 1120, -5*a + 1272 = -4*p + 161. Is a a composite number?
False
Let p = 280 + 29. Is p a prime number?
False
Suppose -14*w + 1224 = 4*p - 10*w, -w = 2*p - 613. Is p composite?
False
Let v(x) = -x**2 - x + 21. Suppose -4*q + 1 - 8 = 5*b, 3*q - 2*b = -11. Let y = q + 3. Is v(y) a composite number?
True
Suppose -2*m = -7*m + 370. Is m a composite number?
True
Let l(d) = -64*d - 25. Is l(-8) a prime number?
True
Suppose 3*d + 4 = -17. Let l = 12 + d. Suppose 5*i = -5*v + 715 - 60, -5*v + l*i + 615 = 0. Is v prime?
True
Let t(n) = n**3 + 6*n**2 - 4*n + 6. Suppose -k + 1 = 5, 12 = 4*b + 3*k. Let y be 1*(1 - b - 0). Is t(y) a prime number?
False
Let m(v) = 6*v**3 + 3*v + 4. Let j(w) = 18*w**3 + 8*w + 11. Let z(h) = 3*j(h) - 8*m(h). Is z(1) prime?
True
Let w(l) = -241*l + 27. Is w(-10) composite?
False
Let d = 257 - 69. Suppose -g + 5*c = -50, -4*g + d = -c - 31. Is g prime?
False
Let n(u) = -10*u**3 + 3*u**2 - 7*u + 90. Let z(j) = -3*j**3 + j**2 - 2*j + 30. Let p(l) = -2*n(l) + 7*z(l). Let i be p(0). Let g = i - 16. Is g prime?
False
Is ((-50451)/7)/(-1) + (-24)/84 a composite number?
False
Let i(r) be the third derivative of r**5/60 + r**4/24 + 95*r**3/6 - 4*r**2. Is i(0) a composite number?
True
Let d be (-1704)/16*4/3. Let f be (-1 + 0)*d/(-1). Let w = f + 285. Is w a composite number?
True
Let l = 116 - 27. Is l a composite number?
False
Let f(q) = 5*q**3 - 3*q + 1. Suppose -y - 4*y = -15. Is f(y) prime?
True
Let j(y) = 29*y - 3. Suppose 2*i + 4 = -6. Let z be i/(-2) + (-3)/6. Is j(z) a prime number?
False
Let n(u) be the second derivative of 5*u**3/3 - 2*u**2 + u. Let k(t) = -9*t + 4. Let r(h) = -4*k(h) - 3*n(h). Is r(3) a composite number?
True
Suppose 5*d - 4*d = -5*i + 1018, -3*i + 2*d + 603 = 0. Is i prime?
False
Is (-7660)/(-6) - 2/18*-3 prime?
True
Suppose -2*g + 0 = -2. Let c = 8 - g. Is c composite?
False
Is 3676/10*(15/6)/1 composite?
False
Suppose -f - f = -186. Let z = f - 14. Is z a composite number?
False
Suppose -3*d - 18 = 6. Let o(p) = p**2 - 9*p - 9. Is o(d) prime?
True
Let p = 48 - -27. Let b be (-2)/(-3) + (-28)/(-12). Suppose 0*w + b*w = p. Is w a composite number?
True
Suppose -2*f = -l + 183, -3*l + 0*l - f = -577. Is l prime?
True
Is ((-36)/(-54))/(4/18) a composite number?
False
Suppose -g - b = g - 473, -4*g + 4*b + 976 = 0. Suppose 0 = -5*a - 0*a + 240. Suppose a = u + v, 5*u - 3*v - g = -7*v. Is u composite?
False
Suppose a - 5*o + 46 = 2*a, -2*o = 0. Suppose -139 = -3*m - a. Is m prime?
True
Suppose 0 = -3*k + 472 + 674. Let j = k + -269. Is j a prime number?
True
Suppose 5*p = 2*a - 741, -3*a - 2*p - 373 = -4*a. Is a composite?
False
Let m be (3 + -12)/(-3) + -1. Suppose -4*t = -f - 6*t + m, 4*t - 16 = f. Let d(c) = -c**3 - 4*c**2 - 2*c + 5. Is d(f) a composite number?
False
Suppose 4*b + 0*f + 4*f = -4, 0 = 3*f + 12. Suppose 0 = 3*q - 2*j + 4, 5*j - 24 - b = -q. Suppose 150 = q*m + 48. Is m composite?
True
Suppose -3*m + 0 + 18 = 0. Let l(x) = 3*x**2 - 3*x - 5. Is l(m) a composite number?
True
Is 3/(-12) - (-41)/4 a prime number?
False
Suppose 4*g - 436 = -4*v, 7*g - 4*v - 545 = 2*g. Is g prime?
True
Suppose -5*f = 3*i + 2, -f + i - 10 = 4*i. Suppose -f*g + 575 = 3*g. Suppose -3*l + 6 = 0, 3*w = -3*l + 4*l + g. Is w composite?
True
Let r(d) = -d**3 + d + 27. Let q be r(0). Suppose -q = -f + 3*x, 3*f - x + 32 = 97. Is f a prime number?
False
Let t(w) = -4*w**3 - 15*w**2 - 2*w + 9. Let b(u) = 2*u**3 + 7*u**2 + u - 4. Let s(a) = 5*b(a) + 2*t(a). Let i be s(-3). Let z = i - -48. Is z prime?
False
Let h be (1 - 3)*(0 + 2). Let c = -2 - h. Is 64 + -3 + 6 - c prime?
False
Is ((-12)/(-16) - -2)*-1*-124 prime?
False
Let i(x) = 39*x - 4. Let a be i(3). Let p be -2*1/((-2)/60). Let y = a - p. Is y a prime number?
True
Suppose 0 = 5*f + 123 - 1288. Is f a composite number?
False
Suppose -5*t + 140 = -t. Is t composite?
True
Suppose 0 = 3*g + 2*b + 75, -5*g - 3*b = -77 + 202. Let m = -4 - g. Is m a composite number?
True
Let m(s) = s**3 + s**2 - s - 1. Let t(i) = i**3 - 3*i**2 + 7*i + 7. Let f(x) = 2*m(x) - t(x). Is f(-6) prime?
False
Let q(x) = -x**2 - 2*x - 2. Let z be q(-2). Is (1 + z)*(-124 - -9) a composite number?
True
Let o = 835 + -246. Is o prime?
False
Let o(r) = r**3 - r**2 + r + 6. Let j be o(6). Suppose -5*u = -3*a - 3*u + 137, -4*a = 2*u - j. Is a prime?
True
Let r be (-1*23)/(-1 - -2). Let u be 2/5*(r - 2). Is u/4*12/(-15) composite?
False
Let l(c) = c**2 + 7*c + 7. Let f be l(-5). Suppose 8*b - 5*s = 3*b, -4*b - s + 15 = 0. Is f/(3/(-34)) - b prime?
True
Let k be 1/((-3)/((-15)/1)). Let u(b) = b**3 - 5*b**2 + b - 2. Let r be u(k). Suppose 4*y = r*h - 33, 2*y = -3*h - 0*y + 15. Is h prime?
True
Let s(u) = 76*u**2 - u - 4. Let w = 26 + -29. Is s(w) composite?
False
Suppose -2*f = -b - 0*b + 267, -259 = -b - 2*f. Is b prime?
True
Suppose -3*a = 2*d - 1393, 153 = -a - d + 616. Is a a prime number?
True
Suppose -1365 = -4*w - z, -21 - 4 = -5*z. Suppose m + w = -m. Let o = m - -309. Is o prime?
True
Suppose 0 = -0*d + d - 1379. Is d a prime number?
False
Let b(k) = -11*k + 2. Is b(-1) a composite number?
False
Let b = 1414 - 693. Is b a composite number?
True
Is -5 - -5 - (-1361)/1 a prime number?
True
Let r = 56 - -423. Is r composite?
False
Let c(r) = 197*r - 3. Is c(2) composite?
True
Is 223/((-4)/7*(-6)/24) a composite number?
True
Let k = -119 - -310. Is k a prime number?
True
Suppose -7*w + 2*w = 4*p - 37, -3*w = -3*p - 6. Let d(h) = 0*h**p + 2*h - 15*h - h**3 + 11 + 10*h**2. Is d(8) a composite number?
True
Let l = 60 - 21. Suppose 3*a - 120 = l. Is a prime?
True
Suppose 7*a = 4*a - 246. Let g = a - -119. Is g a prime number?
True
Let l be (11/(-3))/(3/(-9)). Let p(a) = 6*a - 1. Let m be p(-1). Let o = l + m. Is o a prime number?
False
Suppose -l + 3 = -k - 0, 3*l + 5*k - 1 = 0. Suppose -l*i = -i - 4*a - 41, -4 = 4*a. Is i composite?
False
Is (-16)/4 + 0 + 2141 prime?
True
Suppose -3*n = -7*n + 20. Suppose 2*z + j - 285 = 0, -3*z + 46 = -n*j - 388. Is z a prime number?
False
Let z(c) = c. Let k(x) = 20*x - 1. Let q(l) = -k(l) + 2*z(l). Suppose 0 = -4*a - 8 + 4. Is q(a) a prime number?
True
Let h(p) = -65*p**2 + p - 1. Let n be h(1). Let o = n + 102. Is o composite?
False
Let o = 15 + -12. Suppose f + 451 = -z + 3*z, 15 = -o*f. Is z prime?
True
Let c(k) = -183*k - 55. Is c(-8) a prime number?
True
Suppose -3 + 15 = -3*i. Is i/3*114/(-4) prime?
False
Let z = -8 + 10. Let s be (1 - -5)*8/(-6). Is ((-187)/4)/(z/s) a composite number?
True
Suppose -1081 = -5*g - 246. Let b = -36 + g. Is b a prime number?
True
Let q(y) = y**2 - 8*y + 5. Let r = -10 - -16. Let v be q(r). Let t(k) = -k**3 - 6*k**2 + 6*k + 8. Is t(v) a prime number?
False
Let g(r) = -10*r + 7. Let l be g(-8). Suppose 3*d - 4*d + l = 0. Is d a prime number?
False
Let o(m) = 9*m**2 - 21*m - 1. Is o(16) a composite number?
True
Suppose 0 = -d - 64 - 33. Let v = 171 + d. Is v a composite number?
True
Suppose 2*h - 3 = 3. Suppose y + 3*n = 3*y - 163, h*n + 394 = 5*y. Is y a composite number?
True
Suppose 3*f + p - 5*p = 54, 5*f - 4*p - 82 = 0. Let z be 4/f - (-90)/(-21). Is 186/z*(-18)/27 a prime number?
True
Let i(m) = -m - 5. Let t be i(-5). Suppose -6*b + 3*b + 18 = t. Let u = 10 - b. Is u a composite number?
True
Is (2 - 3) + 166 - 2 a composite number?
False
Let n(d) = 69*d**2 + 9*d + 5. Is n(-6) a composite number?
True
Let v be 8/(-12)*-3 + -6. Is 12/v - -6 - 1 a composite number?
False
Suppose u - 3*r - 298 = 0, -4*u + 897 + 295 = 2*r. Is u prime?
False
Suppose 4*a = -5*o + 55, -3*o - 5*a + 26 = -20. Let p(y) = y**3 - 6*y**2 + 9*y + 3. Is p(o) prime?
False
Suppose -230 - 151 = -3*l. Is l a prime number?
True
Let o(s) = -6*s**3 - s + 1. Let r be o(1). Let z be 1/(-2) - 1071/r. Suppose 4*w - z = 90. Is w composite?
False
Suppose 219 = 2*c + n - 55, 0 = 3*n + 12. Suppose c = -5*x + 5*w - 2*w, -x - w = 23. Is x/(-2) - (4 + -2) prime?
True
S